e f(10).
0
Let p = -6147 - -6155. Let d(g) = -12*g + 98. Calculate d(p).
2
Let z(s) = -4*s**2 - 3*s - 1. Let n = -154 - -80. Let w = n + 77. Let d be (1/(-2))/(w/12). Give z(d).
-11
Let f = -997 + 987. Let w(h) = 4*h + 31. Calculate w(f).
-9
Let f(a) = -a**2 + 39*a - 328. Let n be f(12). Let i(r) = -r**3 - 5*r**2 - 3*r - 3. Calculate i(n).
-7
Suppose 0 = 4*k - 74*z + 73*z - 25, 0 = 4*k - 5*z - 45. Let c(v) be the second derivative of -1/12*v**4 + 7/6*v**3 + 4*v + 0 - 1/2*v**2. Calculate c(k).
9
Suppose q - 8 = 4*b - 9*b, b = 3*q + 40. Let g(w) be the second derivative of -w**3/6 - 14*w**2 + w + 4. Determine g(q).
-16
Let b(h) = -h**3 - h**2 - 5*h - 3. Suppose w + 5*n - 22 - 5 = 0, 2*w - n + 12 = 0. Determine b(w).
30
Let a be -4 + (12/(-15) - (-92)/(-10)). Let i(y) = y**2 + 14*y + 7. Let m be i(a). Let w(p) = p**2 - 8*p + 9. What is w(m)?
2
Let s(g) be the second derivative of 150*g + 17/6*g**3 + 0*g**2 + 0. Calculate s(1).
17
Let a(l) = l**2 + 12*l - 10. Let v(j) = 2*j**2 + 24*j - 17. Let k(m) = -13*a(m) + 6*v(m). Let g be k(-14). Let o(r) = -r**2 - r + 35. Calculate o(g).
35
Let n(f) = -f**3 + 2*f**2 + 4*f + 4. Let x = 11683 + -11685. Give n(x).
12
Let m(i) = -8731*i + 39 + 17428*i - 8713*i. Give m(-4).
103
Let o(l) = -21*l**2 + 8*l + 68. Let j(t) = -17*t**2 + 7*t + 67. Let w(i) = 5*j(i) - 4*o(i). Calculate w(10).
-7
Let c = -11924 + 11938. Let u(b) = 13*b - 43. Give u(c).
139
Let x(k) = 5*k - 3. Let d(s) = 10*s - 7. Let a(o) = 4*d(o) - 7*x(o). Suppose 123 = 22*r + 57. Determine a(r).
8
Let g be 11 - (1 + 3) - -2. Suppose 2*z = 5*j + 11, -3*z + 2 + g = -2*j. Let p(q) = -19 + q + 14 + 14 - z*q. Determine p(7).
-5
Let n(v) = 7*v - 254 + 221 + 3*v. What is n(5)?
17
Let z = 1 + 33. Suppose 0 = -z*j + 32*j + 36. Suppose -4*w + 2*q + j = 0, 2*w - 2*q - 2*q = -6. Let k(p) = -2*p - 8. Determine k(w).
-22
Let w(p) = 5*p**2 - p - 1. Let r be (-1)/2 + (-17)/2. Let j(v) = -2*v**2 + 60*v - 344. Let f be j(8). Let c = f + r. Give w(c).
5
Let c(s) = s**2 - 10*s + 3. Let b(r) = -r**3 - 9*r**2 + r + 12. Let t be b(-9). Suppose m - t = -0. Let x(a) = a + 7. Let p be x(m). What is c(p)?
3
Let a(l) be the third derivative of -l**7/280 + l**6/360 + l**5/60 + 5*l**4/4 + 146*l**2. Let c(m) be the second derivative of a(m). Determine c(2).
-30
Let s(n) = -n**3 + 11*n**2 - 7*n + 21. Suppose 29*r - 63*r + 27*r = -77. Calculate s(r).
-56
Suppose 5*c = 4*u + 237, 2*u = 2*c + 7*u - 75. Let g = c - 41. Let o(f) = f**2 - f + 133 - 3*f**3 - 134 + g*f**3. Calculate o(2).
9
Let q(x) = x**3 - 2*x**2 - x - 2. Let s(g) = -g**3 - 4*g**2 - g - 5. Let b be s(-4). Let f(v) = 3*v + 6. Let m be f(b). What is q(m)?
4
Let n(i) = 6600*i + 6 + 18 - 6591*i + 2. Determine n(0).
26
Suppose x - w = -5, 25 = -5*x - 3*w - 2*w. Let t(f) = -16*f - 15. Suppose 7*z - 44 = 11*z. Let j(u) = -3*u - 3. Let r(p) = z*j(p) + 2*t(p). What is r(x)?
-2
Let n(l) = l**2 + 28*l - 122. Let b be (45/(-81) - -1)*(-4 + 10 + 3). What is n(b)?
6
Let p(f) = -f**2 + 55*f + 316. Let g be p(60). Let c(h) = -h**3 + 17*h**2 - 11*h + 1. Give c(g).
81
Let f(j) = -j**2 + j - 1. Let i(m) be the first derivative of -5*m**2/2 - m + 1. Suppose 100*v + 1 = -33 + 134. Let n(d) = v*f(d) - i(d). Calculate n(6).
0
Suppose t - 2*i - 8 = 13, -5*i = 6*t - 41. Let n(y) = -y**2 + 10*y + 15. What is n(t)?
4
Let f(s) be the third derivative of -189*s**2 + 0*s - 1/120*s**6 - 2/3*s**3 + 1/30*s**5 + 0 + 1/24*s**4. What is f(3)?
-10
Let d(r) = 7*r**3 + r**2 - 2*r + 1. Let g(a) = 7*a**2 - 16*a + 62. Let s(w) = w**2. Let h(k) = -g(k) + 6*s(k). Let u be h(9). Determine d(u).
7
Let q(t) be the third derivative of -t**5/60 + t**4/24 + t**3/6 - 11*t**2. Suppose -w = i - 10 + 9, -w = 4. Calculate q(i).
-19
Let q(c) = -2*c**3 - 2*c**2 + 2*c + 4. Suppose -42 = 4*v + 5*b, 3*b = -30*v + 33*v - 9. What is q(v)?
34
Let n(o) = 2*o - 2. Let d be (-17)/(-7) + 3/(-7). Let k be n(d). Suppose v = k*u - 1, 3 = 5*u - v - v. Let j(y) = 11*y**3 + y**2 - 2*y + 1. What is j(u)?
11
Suppose -31*p + 1 - 42 - 83 = 0. Let q(j) = -10*j**2 - 41*j + 6. Determine q(p).
10
Let a(g) = -2*g**2 - 43*g - 156. Let n(i) = -2*i**2 + 776*i - 6839. Let h be n(9). Determine a(h).
-3
Let s = 4/3053 - -3045/6106. Let y(i) be the second derivative of -i**2 + 28*i + s*i**3 + 1/4*i**4 + 0 + 1/20*i**5. Determine y(-3).
-11
Let j(a) be the third derivative of a**6/720 + a**5/40 - a**4/4 - 18*a**2. Let n(w) be the second derivative of j(w). What is n(-3)?
0
Suppose -4*k + 6 + 34 = 0. Suppose 12 = 2*d + 8, p - 3*d = -6. Suppose -v + 6*v - 5*m - k = p, m = -v + 4. Let z(l) = l. Give z(v).
3
Let w = -7767 - -7766. Suppose 13 = 3*a + 1. Let j(s) = -1 + 15*s + a*s - 6*s. Calculate j(w).
-14
Let i(b) be the third derivative of 5*b**4/24 + 43*b**3/3 - 2367*b**2. Give i(-18).
-4
Let w(x) = 4*x + 8. Let u(s) = -s**3 + 27*s**2 + 30*s - 36. Let q be u(28). Suppose 0 = -4*b - f - q, -2*b - 20 = -0*b - 2*f. Calculate w(b).
-16
Let b(x) = -2*x**2 + x - 3. Let j(a) = a**2 + 1. Let f(c) = -2*b(c) - 7*j(c). Let i(k) = 81*k + 323. Let m be i(-4). What is f(m)?
-2
Let y(z) = -z**2. Suppose k - 4*w = 25, k + 15*w = 12*w - 10. Suppose 20 = -3*j - k*h, 5*j + 5*h + 1 = -19. Give y(j).
0
Let z(x) = -13*x**2 - 91*x - 76. Let y be z(-6). Let k(i) = -28*i**2 + 10*i - 3. Calculate k(y).
-95
Let d(a) = -12. Let p(k) = -k + 10. Let l(j) = -2*d(j) - 3*p(j). Let g be l(2). Let v(t) = t**2 - t + 36. Give v(g).
36
Let x(q) = -21*q + 1. Let g = 215 - 213. Let y(l) = 20*l - 1. Let f(n) = g*x(n) + 3*y(n). Calculate f(-1).
-19
Let z(c) = c**3 + 18*c**2 - 45*c - 90. Let a = 314 + -334. Calculate z(a).
10
Let y(o) be the third derivative of -o**4/24 - o**3/6 - 16*o**2. Let p be 7 + -8 + 14/2. Suppose -7*u - 3 = -p*u. Determine y(u).
2
Let x(d) = d**2 - 8*d - 16. Suppose -3*r + 34 = 26*v - 21*v, -r = -v - 6. Determine x(r).
-16
Let w(u) be the first derivative of 2*u**3/3 - 7*u**2 - 25*u + 2410. Calculate w(10).
35
Let d(p) = -4*p - 10. Suppose 8*w = 10*w + 3*s + 52, 3*w + 27 = 4*s. Determine d(w).
58
Let r = -164 + 200. Suppose r*o - 7 = 35*o. Let w(g) = 2*g + 1. What is w(o)?
15
Suppose -5*s + 100 - 196 = -17*s. Let r(k) = -k + 13. What is r(s)?
5
Let n(r) be the second derivative of -r**4/6 - r**3/6 - 81*r**2/2 + 53*r + 1. Let h(x) be the first derivative of n(x). Calculate h(-1).
3
Let q(h) = 5*h**2 + 4*h - 6. Let t be q(1). Let v(b) be the first derivative of -b**4/4 + 5*b**3/3 - 3*b**2/2 - 3*b + 3. What is v(t)?
6
Let c(w) be the third derivative of -w**4/8 - 7*w**3/6 + 32*w**2 - 10. Give c(3).
-16
Suppose 0 = q - 14 + 5. Let c(v) = v - 2. Let o be c(q). Let f(i) = 9 + 2*i - 5 - 3 - o*i. What is f(-4)?
21
Let d(i) = 28*i + 27. Let h(y) = 13*y + 13. Let u(c) = 6*d(c) - 13*h(c). Let k(n) = 3*n + 21. Let j(q) = -2*k(q) - 7*u(q). Calculate j(-10).
-3
Let g(z) = 6*z + 1 - 6 - z**2 - 2 + 2. Let q be g(5). Suppose q = -5*t - t + 30. Let j(u) = -u**3 + 6*u**2 - 3*u + 2. Give j(t).
12
Suppose -4*t - 6 = -3*t. Let k = t + 4. Let x(v) = -7*v**2 + 5*v + 4. Let r(u) = -19*u**2 + 13*u + 11. Let s(i) = -3*r(i) + 8*x(i). Give s(k).
1
Let g(x) = -6*x + 91. Let j be g(20). Let t = -35 - j. Let b(k) = -k + 1. Give b(t).
7
Let f = -3570 - -3570. Let a(d) = -6*d + 43. What is a(f)?
43
Let k(p) = 5*p**3 - 3*p - 11. Let o(g) = -4*g**3 - g**2 + 4*g + 10. Let u(c) = -3*k(c) - 4*o(c). Let m(q) = q**2 - 57*q + 735. Let d be m(20). What is u(d)?
3
Let x(u) = -u**3 + 2*u**2 + 3*u + 1. Let l(k) = 101*k + 1. Let h be l(-1). Let y be h/15*(-6)/4. Suppose -y*d + 8*d = -6. What is x(d)?
1
Suppose -5*f - 5*i + 870 = 0, 5*i - 86 = -2*f + 250. Suppose 23*d - 40 + f = 0. Let h(z) = -4*z + 1. Calculate h(d).
25
Let p = -36 - -34. Let f(v) = -5*v**3 - 6*v**2 + 3*v - 3. Let t(k) = 14*k**3 + 17*k**2 - 9*k + 8. Let o(m) = -17*f(m) - 6*t(m). What is o(p)?
-11
Let d = -5353 + 5364. Let r(b) = b**2 - 13*b - 5. Calculate r(d).
-27
Suppose -d - 5 = 2*r, 0*d + 4*r = -d - 13. Let q be d - 2 - (-13)/1. Suppose u = q - 12. Let m(y) = -y**3 + 4*y**2 - y + 1. Give m(u).
7
Let g be (-440)/(-45) + (-6)/(-27). Let t = 4 - -1. Suppose -t*u - g = -10*u. Let m(i) = -i**2 - 1. Determine m(u).
-5
Let o(k) = -4*k - 67. Let p be (36/(-15))/((-595)/(-1275)*2/7). What is o(p)?
5
Let s(u) = u**3 - 5*u**2 - 5*u - 65. Let c be s(7). Let k(g) = 8*g**2 - 4*g - 3. Calculate k(c).
37
Let k(x) = -x